) = -o**2 + 8. Let s be a(3). Let x(v) be the second derivative of -11*v**4/12 + v**3/6 + v**2 - 245*v + 2. Calculate x(s).
-10
Suppose 4*s + 5*d - 64 = 0, -8 + 91 = 3*s - 5*d. Suppose s*h - 20 = 11*h. Let n(k) = -13*k + 4*k + k**h - 6 + 14*k. Determine n(-7).
8
Let h(m) = m**3 + m**2 + 1. Let y(o) = 6*o**3 + 9*o**2 - o + 4. Suppose -202*l = -203*l + 5. Let k(z) = l*h(z) - y(z). Calculate k(-2).
-9
Let v(s) = -24*s - 382. Let a be v(-16). Let r(z) be the first derivative of -3*z**3 - 12 - 9/2*z**a - 1/4*z**4 - 12*z. Calculate r(-8).
-4
Let t(k) = k**2 + 7*k - 3. Let j(o) = o**2 + 2. Let p be j(0). Let v(r) = 17 - 147*r**p + 146*r**2 - 4*r + 0*r. Let i be v(-7). Determine t(i).
-15
Suppose -4*j - 23 = 5*o - 6*o, 0 = 5*j - 4*o + 26. Suppose 5*y = -4*d + 21, -4*y - d - 3*d + 16 = 0. Let q(k) = -5 + 5 + k**3 - 6*k + y*k**2. Calculate q(j).
0
Suppose 0*h - 4*h + 20 = 0. Suppose -s - 4*s + 3*m + 82 = 0, 26 = 3*s + 4*m. Let n(w) = -6 - 18*w - 17*w + 50*w - s*w. Determine n(h).
-1
Suppose 3*h + 0*x - 5*x - 10 = 0, -3*x + 5 = -4*h. Let k = h + 7. Let f(n) = -3*n**2 + 2*n - 1. Determine f(k).
-9
Let g(f) = 2*f**3 - f**2 - 2*f + 1. Suppose 5*u - k = k + 732, 2*u = 4*k + 280. Suppose 5*h = -108 + u. Suppose 3*b + b = h. Calculate g(b).
9
Let y(p) = -4*p**2 + 7*p - 4. Let l(h) = -h**3 - 11*h**2 - 6*h + 43. Let r be l(-10). Let f(b) = -b**2 - 1. Let v(w) = r*f(w) - y(w). Determine v(5).
-9
Let z(d) = 4*d + 56. Let h be z(-11). Let u(y) = y**2 - 9*y - 29. Let n be u(h). Let k(x) = x - 7. Determine k(n).
0
Let x be 18/8*(-5 + 1). Let p(r) = 1561*r + 1557*r - 3111*r - 13 + r**2. Calculate p(x).
5
Let o be (11 - 1) + 8*3/6. Let x(g) = 15*g - 1 - 613*g**2 + 211*g**2 + 199*g**2 + 202*g**2. Calculate x(o).
13
Let h(g) be the first derivative of -1/8*g**4 + 0*g + 2/3*g**3 - 17 + 1/2*g**2. Let q(k) be the second derivative of h(k). Give q(-5).
19
Let i = -50 - -55. Let l(q) = -3*q + 15. Let x be l(i). Let t(z) = x + z - 3*z + 0*z + 5. Determine t(-5).
15
Suppose -10*h = -0*h + 210. Let y(i) = -i**2 - 22*i - 20. Let j be y(h). Let x(c) be the second derivative of -c**5/4 + c**3/3 - c**2/2 - 2*c. Give x(j).
-4
Suppose b - 4*m = 2 + 11, 2*b + 3*m + 29 = 0. Let h = b - -9. Let t(o) = -h*o + 0*o + 5 + 6 - 8. Give t(4).
-5
Let z(f) be the first derivative of -198 + 9/2*f**2 - 3*f + 1/4*f**4 - 7/3*f**3. What is z(6)?
15
Suppose -715 = -157*a + 70. Let g(y) = -4*y**2 + 10*y + 5. Determine g(a).
-45
Suppose -561 = -34*l + 52*l + n, 4*l + 5*n + 139 = 0. Let p(w) = 10*w + 308. Determine p(l).
-2
Let v = 31 - 42. Let h(l) be the first derivative of l**2 + 16*l - 177. Calculate h(v).
-6
Let n(w) = -2*w**2 + 16*w + 71. Let d(k) = -k**2 + 10. Let z(u) = 3*d(u) - n(u). Determine z(-12).
7
Let n(p) be the third derivative of -p**6/120 - 2*p**5/15 - p**4/8 - 5*p**3/6 + 66*p**2 - 25. Determine n(-6).
-59
Suppose -18 = -z - 2*z. Suppose 2*k - 25 = l + 8, l = 3*k - 49. Let q be 3*((-2)/(-1) - k/z). Let j(x) = 3*x**2 - 3*x - 1. Give j(q).
17
Let a(i) = -i**2 - 18*i - 46. Let s be a(-15). Let q(l) = 14*l**2 + 13*l - 7. Let j(f) = -2*f**2 - f + 1. Let z(c) = s*q(c) - 6*j(c). Determine z(-6).
-29
Let s(v) = -v - 2 - 2 + 0*v + 3725*v**2 - v**3 - 3735*v**2. What is s(-10)?
6
Let h be 981/(-654) + (-1)/2. Let p(f) = -19*f - 29. What is p(h)?
9
Let k = 8 + -13. Let b(i) = 5*i**3 + 11*i**2 - 2*i + 2. Let f(u) = 14*u**3 + 32*u**2 - 5*u + 4. Let h(q) = -11*b(q) + 4*f(q). What is h(k)?
34
Suppose 8*z + y = -126, -254*z + 258*z + 3*y + 78 = 0. Let b(f) = 3*f - 6. What is b(z)?
-51
Let l(u) = 227*u + 59. Let z(j) = -291*j - 58. Let b(p) = 5*l(p) + 4*z(p). Determine b(2).
5
Let w be -3*((-117)/27 - -4). Let q(b) = 19*b - 1. Calculate q(w).
18
Suppose 0 = -55*t + 60*t + 2*y - 16, 0 = -4*y + 32. Let f(a) be the third derivative of t*a + 1/6*a**4 + 0 + 12*a**2 - 1/6*a**3. Determine f(-3).
-13
Let k(z) = -5*z**3 - 27*z**2 + 17*z + 18. Let b be k(-6). Let c(m) = 2*m**2 - 50*m + 56. Calculate c(b).
8
Let t(d) be the second derivative of -d**4/12 + d**3/2 + 16*d**2 + 2276*d. Give t(7).
4
Suppose 0 = 15*h + 11 + 10 - 21. Let v(u) = -6*u**2 + u. What is v(h)?
0
Let l(j) = -50*j + 2535. Let z be l(51). Let o(t) = -t - 26. What is o(z)?
-11
Let v(a) = a**3 - a**2 - a - 3. Suppose -8*l + 6*l + 12 = 2*w, l - 4 = 0. Suppose w*y + 3*y + 10 = -5*b, -5*b - 2 = y. Give v(b).
-3
Suppose -3*d = -t - 6, 10*t + 9 = 13*t. Let o be ((-2)/(2/d))/(-1). Let a(q) = -2*q**3 + 6*q + q**3 - 2*q + 2*q**2 + 1. Give a(o).
4
Let c(n) = -n**3 + 25*n**2 - 46*n - 3. Let i be c(23). Let f be 3 - (1 + -4 + (-33)/i). Let o(d) = d**2 + 5*d + 4. What is o(f)?
4
Suppose -1 = 2*g - 3*g, 0 = -v + 4*g - 6. Let y(s) = -7*s + 6. Let z be ((-8)/32)/((6/(-8))/3). Let c(n) = n - 1. Let l(w) = z*y(w) + 5*c(w). Determine l(v).
5
Let d(o) be the third derivative of -1/60*o**5 - 2*o**2 - 1/6*o**3 + 0*o + 3/8*o**4 + 50. Calculate d(6).
17
Let w(n) = n**2 + 7*n + 1. Let x(v) = v. Let i(s) = -w(s) + 6*x(s). Let m be 28/140 - (-816)/(-255). Give i(m).
-7
Let j(a) be the first derivative of -a**3/3 + 4*a**2 - 3*a + 1250. What is j(7)?
4
Let o(c) = -c - 6. Let z(p) = p**3 + 5*p**2 - 14*p + 6. Suppose 644*b = 647*b + 21. Let j be z(b). Calculate o(j).
-12
Let x(m) = 5*m + 48. Let o be x(13). Suppose 10*t - o = -53. Let d(j) = -1 + 2 - 14*j + 15*j. Determine d(t).
7
Let k be (21/(-6))/((-1)/(-10)). Let o be -2 - k/(-15)*-3. Let p(f) = 2*f + 1 + 15*f**2 - 7*f**2 - 7*f + 2*f - 7*f**2. Calculate p(o).
11
Let s = -39 + 29. Let o(j) = -87*j + 23 + 35*j + 53*j. What is o(s)?
13
Let c(q) = -734*q**2 + 739*q**2 + 73 + q**3 - 76 + 4*q. Suppose -1 = h, s + 4*h = h - 8. Calculate c(s).
-23
Let f be (-2 + (-36)/(-15))*(-4875)/(-50). Let g(b) = -4*b + 150. Calculate g(f).
-6
Let k(t) be the second derivative of -t**5/20 - 3*t**4/4 - 3*t**3/2 - 7*t**2/2 + 28*t. Suppose -34*m = -38*m - 32. What is k(m)?
1
Let q(g) be the first derivative of 2*g**3/3 + 5*g**2/2 - 5*g - 1295. Calculate q(-4).
7
Suppose -4*k - 5*l - 261 = -0*l, l = 3. Let s = k - -75. Let i(f) = -f + 3*f + s*f**3 + 1 - 7*f**3 + 3*f**3 + 2*f**2. Calculate i(-1).
-1
Let r(t) = -4*t + 6. Suppose 0 = 4*z + 5*c + 17, -2*z - 13 = 3*z - 2*c. Let p be z/((-12)/(-20)*-1). What is r(p)?
-14
Let h(m) = -2*m**3 - 13*m**2 - 42*m - 7. Let p(n) = 6*n**3 + 37*n**2 + 119*n + 21. Let f(a) = -17*h(a) - 6*p(a). What is f(0)?
-7
Let x(n) = -n**3 - 8*n**2 + 3*n + 11. Let g(r) = -14*r**3 + 7*r**2 + 5*r - 1. Let l be g(-1). Suppose 0 = 2*y - 3*o - l + 37, -y = -3*o + 14. Calculate x(y).
-13
Suppose -44 = 6*b - 2*q, -5*q - 16 = 2*b - 7*q. Let f(y) be the second derivative of 2*y**3/3 - 7*y**2/2 - y. Determine f(b).
-35
Let r(a) be the third derivative of -1/6*a**4 + 6*a + 1/60*a**5 + 2*a**2 - 1/2*a**3 + 0. Calculate r(3).
-6
Let b = 1193 + -1206. Let t(q) = q**3 + 12*q**2 - 11*q - 19. Give t(b).
-45
Suppose 0 = 3*x + 4*n - 0*n + 29, -2*x - 3*n - 20 = 0. Let t(i) be the third derivative of i**4/24 - 2*i**3/3 - 44*i**2. What is t(x)?
-11
Let k(m) = 5*m**2 + 46*m + 92. Let o(y) = -6*y**2 - 61*y - 91. Let t(x) = -4*k(x) - 3*o(x). Give t(0).
-95
Let k(u) be the third derivative of u**6/120 + 2*u**5/15 - u**4/12 - 8*u**3/3 - 1574*u**2 - 1. Calculate k(-8).
0
Suppose 5*o = k - 34, -k - o + 18 = -2*o. Suppose 8*z = z + k. Let w(a) = 6*a**2 - 1 + z + 0 + 0*a**2. Calculate w(-1).
7
Let t(o) = 2 - 2*o**2 + o**2 - 10 - 9*o. Let y(n) be the third derivative of n**5/60 + 5*n**4/12 - 69*n**3/2 + 18*n**2 + 10. Let p be y(10). Give t(p).
6
Let d(u) = 10*u**2 - 16*u + 7. Let x(r) = -r**2 + 2*r - 1. Let i(v) = d(v) + 9*x(v). Suppose -7*j + 2*j - 3*b = 15, 0 = -b. Determine i(j).
1
Let u be -6 - ((-475 - 1) + 9). Let q = -447 + u. Let t(r) = r**3 - 13*r**2 - 12*r - 2. Give t(q).
26
Let p(x) = -x**2 + 4*x - 3. Let w = 855 - 852. Let u be 8/(-5)*w/((-12)/10). What is p(u)?
-3
Suppose 22*u = 13*u + 18. Let i(z) = 3*z**u + 165*z**3 + 3*z**2 + 7*z + 1 - 166*z**3 - 2. Let o be 1*9 + 1 + -3. Give i(o).
-1
Let j(q) = 8*q - 197. Let x be j(26). Let l(i) = i**2 - 8*i - 16. Give l(x).
17
Let c = -83 - -88. Let i(z) be the second derivative of -2*z**2 + 0 - 1/6*z**3 - 26*z. Determine i(c).
-9
Suppose -119 = -18*x - 65. Let f(y) = x*y + 6 - y + 5 - 5*y + 2*y. Determine f(8).
3
Let n(s) be the first derivative of -9 + 1/3*s**3 - 1/2*s**2 + 7*s. Let t = 23 - 23. Give n